{"id":5033,"date":"2021-03-24T16:11:45","date_gmt":"2021-03-24T15:11:45","guid":{"rendered":"https:\/\/origen100x100.com\/?post_type=product&#038;p=5033"},"modified":"2024-07-23T15:49:04","modified_gmt":"2024-07-23T13:49:04","slug":"lenteja-pequena-cocida-al-vacio","status":"publish","type":"product","link":"https:\/\/origen100x100.com\/cat\/producte\/lenteja-pequena-cocida-al-vacio\/","title":{"rendered":"Llentia Petita Cuita"},"content":{"rendered":"","protected":false},"excerpt":{"rendered":"<p><strong>Llenties cuites al buit amb sal. <\/strong>Aconseguim gustos i textures id\u00e8ntiques a una bona cocci\u00f3 tradicional. Es recomana esc\u00f3rrer el producte. <em>Pes net: 350g<\/em><\/p>\n<p><em><img loading=\"lazy\" decoding=\"async\" class=\"alignnone wp-image-2568\" src=\"https:\/\/origen100x100.com\/wp-content\/uploads\/2020\/11\/Vegano-300x300.png\" alt=\"Apto para veganos\" width=\"23\" height=\"23\" \/><\/em><\/p>","protected":false},"featured_media":7511,"comment_status":"open","ping_status":"closed","template":"","meta":{"_acf_changed":false,"_et_pb_use_builder":"off","_et_pb_old_content":"","_et_gb_content_width":"","rank_math_lock_modified_date":false,"inline_featured_image":false},"product_brand":[],"product_cat":[53,34,32],"product_tag":[39],"class_list":{"0":"post-5033","1":"product","2":"type-product","3":"status-publish","4":"has-post-thumbnail","6":"product_cat-batch-cooking","7":"product_cat-legumbres","8":"product_cat-platos-vegetarianos","9":"product_tag-vegana","11":"first","12":"outofstock","13":"taxable","14":"shipping-taxable","15":"purchasable","16":"product-type-simple"},"acf":[],"_links":{"self":[{"href":"https:\/\/origen100x100.com\/cat\/wp-json\/wp\/v2\/product\/5033"}],"collection":[{"href":"https:\/\/origen100x100.com\/cat\/wp-json\/wp\/v2\/product"}],"about":[{"href":"https:\/\/origen100x100.com\/cat\/wp-json\/wp\/v2\/types\/product"}],"replies":[{"embeddable":true,"href":"https:\/\/origen100x100.com\/cat\/wp-json\/wp\/v2\/comments?post=5033"}],"wp:featuredmedia":[{"embeddable":true,"href":"https:\/\/origen100x100.com\/cat\/wp-json\/wp\/v2\/media\/7511"}],"wp:attachment":[{"href":"https:\/\/origen100x100.com\/cat\/wp-json\/wp\/v2\/media?parent=5033"}],"wp:term":[{"taxonomy":"product_brand","embeddable":true,"href":"https:\/\/origen100x100.com\/cat\/wp-json\/wp\/v2\/product_brand?post=5033"},{"taxonomy":"product_cat","embeddable":true,"href":"https:\/\/origen100x100.com\/cat\/wp-json\/wp\/v2\/product_cat?post=5033"},{"taxonomy":"product_tag","embeddable":true,"href":"https:\/\/origen100x100.com\/cat\/wp-json\/wp\/v2\/product_tag?post=5033"}],"curies":[{"name":"wp","href":"https:\/\/api.w.org\/{rel}","templated":true}]}}